{"id":59323,"date":"2024-01-30T13:09:37","date_gmt":"2024-01-30T16:09:37","guid":{"rendered":"https:\/\/www.ipessp.edu.br\/site\/?page_id=59323"},"modified":"2024-08-28T11:25:35","modified_gmt":"2024-08-28T14:25:35","slug":"clinica-ipessp","status":"publish","type":"page","link":"https:\/\/www.ipessp.edu.br\/site\/clinica-ipessp\/","title":{"rendered":"Cl\u00ednica IPESSP"},"content":{"rendered":"\n<p>A Cl\u00ednica Est\u00e9tica da Faculdade IPESSP se destaca por sua excepcional infraestrutura, oferecendo uma diversidade de tratamentos e procedimentos est\u00e9ticos especializados, acess\u00edveis a toda a comunidade. Integrando pr\u00e1ticas acad\u00eamicas avan\u00e7adas, a cl\u00ednica assegura seguran\u00e7a e qualidade nos servi\u00e7os prestados.<\/p>\n\n\n\n<p>Com a supervis\u00e3o de docentes mestres e doutores em \u00e1reas como Biomedicina, Biologia e Farm\u00e1cia Est\u00e9tica, a cl\u00ednica proporciona um ambiente de aprendizado pr\u00e1tico, com mais de 60% das aulas focadas em pr\u00e1ticas reais, garantindo um alto padr\u00e3o de excel\u00eancia em todos os procedimentos realizados.<\/p>\n","protected":false},"excerpt":{"rendered":"<p>A Cl\u00ednica Est\u00e9tica da Faculdade IPESSP se destaca por sua excepcional infraestrutura, oferecendo uma diversidade de tratamentos e procedimentos est\u00e9ticos especializados, acess\u00edveis a toda a comunidade. Integrando pr\u00e1ticas acad\u00eamicas avan\u00e7adas, a cl\u00ednica assegura seguran\u00e7a e qualidade nos servi\u00e7os prestados. Com a supervis\u00e3o de docentes mestres e doutores em \u00e1reas como Biomedicina, Biologia e Farm\u00e1cia Est\u00e9tica, &hellip; <a href=\"https:\/\/www.ipessp.edu.br\/site\/clinica-ipessp\/\">Continua<\/a><\/p>\n","protected":false},"author":3,"featured_media":61524,"parent":0,"menu_order":0,"comment_status":"closed","ping_status":"closed","template":"page-pagina-especial.php","meta":{"footnotes":""},"class_list":["post-59323","page","type-page","status-publish","has-post-thumbnail","hentry"],"acf":[],"yoast_head":"<!-- This site is optimized with the Yoast SEO plugin v27.3 - https:\/\/yoast.com\/product\/yoast-seo-wordpress\/ -->\n<title>Cl\u00ednica IPESSP - IPESSP<\/title>\n<meta name=\"robots\" content=\"index, follow, max-snippet:-1, max-image-preview:large, max-video-preview:-1\" \/>\n<link rel=\"canonical\" href=\"https:\/\/www.ipessp.edu.br\/site\/clinica-ipessp\/\" \/>\n<meta property=\"og:locale\" content=\"pt_BR\" \/>\n<meta property=\"og:type\" content=\"article\" \/>\n<meta property=\"og:title\" content=\"Cl\u00ednica IPESSP - IPESSP\" \/>\n<meta property=\"og:description\" content=\"A Cl\u00ednica Est\u00e9tica da Faculdade IPESSP se destaca por sua excepcional infraestrutura, oferecendo uma diversidade de tratamentos e procedimentos est\u00e9ticos especializados, acess\u00edveis a toda a comunidade. Integrando pr\u00e1ticas acad\u00eamicas avan\u00e7adas, a cl\u00ednica assegura seguran\u00e7a e qualidade nos servi\u00e7os prestados. Com a supervis\u00e3o de docentes mestres e doutores em \u00e1reas como Biomedicina, Biologia e Farm\u00e1cia Est\u00e9tica, &hellip; Continua\" \/>\n<meta property=\"og:url\" content=\"https:\/\/www.ipessp.edu.br\/site\/clinica-ipessp\/\" \/>\n<meta property=\"og:site_name\" content=\"IPESSP\" \/>\n<meta property=\"article:publisher\" content=\"https:\/\/www.facebook.com\/ipesspedu\/?ref=pages_you_manage\" \/>\n<meta property=\"article:modified_time\" content=\"2024-08-28T14:25:35+00:00\" \/>\n<meta property=\"og:image\" content=\"https:\/\/www.ipessp.edu.br\/site\/wp-content\/uploads\/2024\/08\/bg-clinica-ipessp.jpg\" \/>\n\t<meta property=\"og:image:width\" content=\"1000\" \/>\n\t<meta property=\"og:image:height\" content=\"667\" \/>\n\t<meta property=\"og:image:type\" content=\"image\/jpeg\" \/>\n<meta name=\"twitter:card\" content=\"summary_large_image\" \/>\n<meta name=\"twitter:site\" content=\"@ipessp\" \/>\n<meta name=\"twitter:label1\" content=\"Est. tempo de leitura\" \/>\n\t<meta name=\"twitter:data1\" content=\"1 minuto\" \/>\n<script type=\"application\/ld+json\" class=\"yoast-schema-graph\">{\"@context\":\"https:\\\/\\\/schema.org\",\"@graph\":[{\"@type\":\"WebPage\",\"@id\":\"https:\\\/\\\/www.ipessp.edu.br\\\/site\\\/clinica-ipessp\\\/\",\"url\":\"https:\\\/\\\/www.ipessp.edu.br\\\/site\\\/clinica-ipessp\\\/\",\"name\":\"Cl\u00ednica IPESSP - IPESSP\",\"isPartOf\":{\"@id\":\"https:\\\/\\\/www.ipessp.edu.br\\\/site\\\/#website\"},\"primaryImageOfPage\":{\"@id\":\"https:\\\/\\\/www.ipessp.edu.br\\\/site\\\/clinica-ipessp\\\/#primaryimage\"},\"image\":{\"@id\":\"https:\\\/\\\/www.ipessp.edu.br\\\/site\\\/clinica-ipessp\\\/#primaryimage\"},\"thumbnailUrl\":\"https:\\\/\\\/www.ipessp.edu.br\\\/site\\\/wp-content\\\/uploads\\\/2024\\\/08\\\/bg-clinica-ipessp.jpg\",\"datePublished\":\"2024-01-30T16:09:37+00:00\",\"dateModified\":\"2024-08-28T14:25:35+00:00\",\"breadcrumb\":{\"@id\":\"https:\\\/\\\/www.ipessp.edu.br\\\/site\\\/clinica-ipessp\\\/#breadcrumb\"},\"inLanguage\":\"pt-BR\",\"potentialAction\":[{\"@type\":\"ReadAction\",\"target\":[\"https:\\\/\\\/www.ipessp.edu.br\\\/site\\\/clinica-ipessp\\\/\"]}]},{\"@type\":\"ImageObject\",\"inLanguage\":\"pt-BR\",\"@id\":\"https:\\\/\\\/www.ipessp.edu.br\\\/site\\\/clinica-ipessp\\\/#primaryimage\",\"url\":\"https:\\\/\\\/www.ipessp.edu.br\\\/site\\\/wp-content\\\/uploads\\\/2024\\\/08\\\/bg-clinica-ipessp.jpg\",\"contentUrl\":\"https:\\\/\\\/www.ipessp.edu.br\\\/site\\\/wp-content\\\/uploads\\\/2024\\\/08\\\/bg-clinica-ipessp.jpg\",\"width\":1000,\"height\":667},{\"@type\":\"BreadcrumbList\",\"@id\":\"https:\\\/\\\/www.ipessp.edu.br\\\/site\\\/clinica-ipessp\\\/#breadcrumb\",\"itemListElement\":[{\"@type\":\"ListItem\",\"position\":1,\"name\":\"In\u00edcio\",\"item\":\"https:\\\/\\\/www.ipessp.edu.br\\\/site\\\/\"},{\"@type\":\"ListItem\",\"position\":2,\"name\":\"Cl\u00ednica IPESSP\"}]},{\"@type\":\"WebSite\",\"@id\":\"https:\\\/\\\/www.ipessp.edu.br\\\/site\\\/#website\",\"url\":\"https:\\\/\\\/www.ipessp.edu.br\\\/site\\\/\",\"name\":\"IPESSP\",\"description\":\"Instituto de Pesquisa e Educa\u00e7\u00e3o em Sa\u00fade de S\u00e3o Paulo\",\"publisher\":{\"@id\":\"https:\\\/\\\/www.ipessp.edu.br\\\/site\\\/#organization\"},\"potentialAction\":[{\"@type\":\"SearchAction\",\"target\":{\"@type\":\"EntryPoint\",\"urlTemplate\":\"https:\\\/\\\/www.ipessp.edu.br\\\/site\\\/?s={search_term_string}\"},\"query-input\":{\"@type\":\"PropertyValueSpecification\",\"valueRequired\":true,\"valueName\":\"search_term_string\"}}],\"inLanguage\":\"pt-BR\"},{\"@type\":\"Organization\",\"@id\":\"https:\\\/\\\/www.ipessp.edu.br\\\/site\\\/#organization\",\"name\":\"IPESSP\",\"url\":\"https:\\\/\\\/www.ipessp.edu.br\\\/site\\\/\",\"logo\":{\"@type\":\"ImageObject\",\"inLanguage\":\"pt-BR\",\"@id\":\"https:\\\/\\\/www.ipessp.edu.br\\\/site\\\/#\\\/schema\\\/logo\\\/image\\\/\",\"url\":\"https:\\\/\\\/www.ipessp.edu.br\\\/site\\\/wp-content\\\/uploads\\\/2016\\\/10\\\/logotipo.png\",\"contentUrl\":\"https:\\\/\\\/www.ipessp.edu.br\\\/site\\\/wp-content\\\/uploads\\\/2016\\\/10\\\/logotipo.png\",\"width\":900,\"height\":462,\"caption\":\"IPESSP\"},\"image\":{\"@id\":\"https:\\\/\\\/www.ipessp.edu.br\\\/site\\\/#\\\/schema\\\/logo\\\/image\\\/\"},\"sameAs\":[\"https:\\\/\\\/www.facebook.com\\\/ipesspedu\\\/?ref=pages_you_manage\",\"https:\\\/\\\/x.com\\\/ipessp\",\"https:\\\/\\\/www.instagram.com\\\/ipessp\\\/\",\"https:\\\/\\\/www.linkedin.com\\\/feed\\\/\",\"https:\\\/\\\/www.youtube.com\\\/watch?v=mlwRSWmfisw&amp;t=93s\"]}]}<\/script>\n<!-- \/ Yoast SEO plugin. -->","yoast_head_json":{"title":"Cl\u00ednica IPESSP - IPESSP","robots":{"index":"index","follow":"follow","max-snippet":"max-snippet:-1","max-image-preview":"max-image-preview:large","max-video-preview":"max-video-preview:-1"},"canonical":"https:\/\/www.ipessp.edu.br\/site\/clinica-ipessp\/","og_locale":"pt_BR","og_type":"article","og_title":"Cl\u00ednica IPESSP - IPESSP","og_description":"A Cl\u00ednica Est\u00e9tica da Faculdade IPESSP se destaca por sua excepcional infraestrutura, oferecendo uma diversidade de tratamentos e procedimentos est\u00e9ticos especializados, acess\u00edveis a toda a comunidade. Integrando pr\u00e1ticas acad\u00eamicas avan\u00e7adas, a cl\u00ednica assegura seguran\u00e7a e qualidade nos servi\u00e7os prestados. Com a supervis\u00e3o de docentes mestres e doutores em \u00e1reas como Biomedicina, Biologia e Farm\u00e1cia Est\u00e9tica, &hellip; Continua","og_url":"https:\/\/www.ipessp.edu.br\/site\/clinica-ipessp\/","og_site_name":"IPESSP","article_publisher":"https:\/\/www.facebook.com\/ipesspedu\/?ref=pages_you_manage","article_modified_time":"2024-08-28T14:25:35+00:00","og_image":[{"width":1000,"height":667,"url":"https:\/\/www.ipessp.edu.br\/site\/wp-content\/uploads\/2024\/08\/bg-clinica-ipessp.jpg","type":"image\/jpeg"}],"twitter_card":"summary_large_image","twitter_site":"@ipessp","twitter_misc":{"Est. tempo de leitura":"1 minuto"},"schema":{"@context":"https:\/\/schema.org","@graph":[{"@type":"WebPage","@id":"https:\/\/www.ipessp.edu.br\/site\/clinica-ipessp\/","url":"https:\/\/www.ipessp.edu.br\/site\/clinica-ipessp\/","name":"Cl\u00ednica IPESSP - IPESSP","isPartOf":{"@id":"https:\/\/www.ipessp.edu.br\/site\/#website"},"primaryImageOfPage":{"@id":"https:\/\/www.ipessp.edu.br\/site\/clinica-ipessp\/#primaryimage"},"image":{"@id":"https:\/\/www.ipessp.edu.br\/site\/clinica-ipessp\/#primaryimage"},"thumbnailUrl":"https:\/\/www.ipessp.edu.br\/site\/wp-content\/uploads\/2024\/08\/bg-clinica-ipessp.jpg","datePublished":"2024-01-30T16:09:37+00:00","dateModified":"2024-08-28T14:25:35+00:00","breadcrumb":{"@id":"https:\/\/www.ipessp.edu.br\/site\/clinica-ipessp\/#breadcrumb"},"inLanguage":"pt-BR","potentialAction":[{"@type":"ReadAction","target":["https:\/\/www.ipessp.edu.br\/site\/clinica-ipessp\/"]}]},{"@type":"ImageObject","inLanguage":"pt-BR","@id":"https:\/\/www.ipessp.edu.br\/site\/clinica-ipessp\/#primaryimage","url":"https:\/\/www.ipessp.edu.br\/site\/wp-content\/uploads\/2024\/08\/bg-clinica-ipessp.jpg","contentUrl":"https:\/\/www.ipessp.edu.br\/site\/wp-content\/uploads\/2024\/08\/bg-clinica-ipessp.jpg","width":1000,"height":667},{"@type":"BreadcrumbList","@id":"https:\/\/www.ipessp.edu.br\/site\/clinica-ipessp\/#breadcrumb","itemListElement":[{"@type":"ListItem","position":1,"name":"In\u00edcio","item":"https:\/\/www.ipessp.edu.br\/site\/"},{"@type":"ListItem","position":2,"name":"Cl\u00ednica IPESSP"}]},{"@type":"WebSite","@id":"https:\/\/www.ipessp.edu.br\/site\/#website","url":"https:\/\/www.ipessp.edu.br\/site\/","name":"IPESSP","description":"Instituto de Pesquisa e Educa\u00e7\u00e3o em Sa\u00fade de S\u00e3o Paulo","publisher":{"@id":"https:\/\/www.ipessp.edu.br\/site\/#organization"},"potentialAction":[{"@type":"SearchAction","target":{"@type":"EntryPoint","urlTemplate":"https:\/\/www.ipessp.edu.br\/site\/?s={search_term_string}"},"query-input":{"@type":"PropertyValueSpecification","valueRequired":true,"valueName":"search_term_string"}}],"inLanguage":"pt-BR"},{"@type":"Organization","@id":"https:\/\/www.ipessp.edu.br\/site\/#organization","name":"IPESSP","url":"https:\/\/www.ipessp.edu.br\/site\/","logo":{"@type":"ImageObject","inLanguage":"pt-BR","@id":"https:\/\/www.ipessp.edu.br\/site\/#\/schema\/logo\/image\/","url":"https:\/\/www.ipessp.edu.br\/site\/wp-content\/uploads\/2016\/10\/logotipo.png","contentUrl":"https:\/\/www.ipessp.edu.br\/site\/wp-content\/uploads\/2016\/10\/logotipo.png","width":900,"height":462,"caption":"IPESSP"},"image":{"@id":"https:\/\/www.ipessp.edu.br\/site\/#\/schema\/logo\/image\/"},"sameAs":["https:\/\/www.facebook.com\/ipesspedu\/?ref=pages_you_manage","https:\/\/x.com\/ipessp","https:\/\/www.instagram.com\/ipessp\/","https:\/\/www.linkedin.com\/feed\/","https:\/\/www.youtube.com\/watch?v=mlwRSWmfisw&amp;t=93s"]}]}},"_links":{"self":[{"href":"https:\/\/www.ipessp.edu.br\/site\/wp-json\/wp\/v2\/pages\/59323","targetHints":{"allow":["GET"]}}],"collection":[{"href":"https:\/\/www.ipessp.edu.br\/site\/wp-json\/wp\/v2\/pages"}],"about":[{"href":"https:\/\/www.ipessp.edu.br\/site\/wp-json\/wp\/v2\/types\/page"}],"author":[{"embeddable":true,"href":"https:\/\/www.ipessp.edu.br\/site\/wp-json\/wp\/v2\/users\/3"}],"replies":[{"embeddable":true,"href":"https:\/\/www.ipessp.edu.br\/site\/wp-json\/wp\/v2\/comments?post=59323"}],"version-history":[{"count":76,"href":"https:\/\/www.ipessp.edu.br\/site\/wp-json\/wp\/v2\/pages\/59323\/revisions"}],"predecessor-version":[{"id":61521,"href":"https:\/\/www.ipessp.edu.br\/site\/wp-json\/wp\/v2\/pages\/59323\/revisions\/61521"}],"wp:featuredmedia":[{"embeddable":true,"href":"https:\/\/www.ipessp.edu.br\/site\/wp-json\/wp\/v2\/media\/61524"}],"wp:attachment":[{"href":"https:\/\/www.ipessp.edu.br\/site\/wp-json\/wp\/v2\/media?parent=59323"}],"curies":[{"name":"wp","href":"https:\/\/api.w.org\/{rel}","templated":true}]}}